late the highest common factor of 14 and 77.
7
Calculate the greatest common divisor of 945 and 54.
27
What is the greatest common divisor of 55 and 2365?
55
What is the highest common divisor of 71 and 2272?
71
What is the highest common factor of 47 and 423?
47
What is the greatest common factor of 6 and 57?
3
What is the highest common divisor of 1073 and 851?
37
Calculate the highest common divisor of 903 and 21.
21
Calculate the greatest common divisor of 80 and 620.
20
Calculate the greatest common factor of 31 and 3379.
31
What is the greatest common divisor of 25 and 25?
25
Calculate the highest common factor of 216 and 81.
27
What is the greatest common divisor of 69 and 33672?
69
Calculate the highest common divisor of 121 and 209.
11
Calculate the highest common divisor of 385 and 2035.
55
Calculate the greatest common divisor of 13 and 325.
13
Calculate the greatest common factor of 183 and 305.
61
Calculate the greatest common factor of 1769 and 116.
29
Calculate the greatest common divisor of 44 and 14.
2
What is the greatest common divisor of 1140 and 840?
60
What is the highest common factor of 91 and 871?
13
What is the greatest common factor of 8 and 834?
2
Calculate the greatest common factor of 1972 and 1334.
58
Calculate the greatest common factor of 1664 and 13.
13
Calculate the greatest common factor of 344 and 1978.
86
What is the greatest common divisor of 464 and 14500?
116
What is the greatest common divisor of 23 and 69851?
23
Calculate the highest common divisor of 1107 and 861.
123
What is the highest common divisor of 2 and 15338?
2
What is the greatest common factor of 15 and 2130?
15
What is the greatest common divisor of 13 and 949?
13
What is the greatest common factor of 336 and 105?
21
What is the highest common divisor of 2338 and 14?
14
Calculate the greatest common divisor of 11 and 11.
11
What is the greatest common divisor of 218 and 981?
109
Calculate the greatest common divisor of 32145 and 15.
15
What is the highest common factor of 1808 and 113?
113
Calculate the greatest common divisor of 7 and 203.
7
What is the highest common divisor of 48 and 24?
24
Calculate the greatest common factor of 605 and 145.
5
What is the highest common divisor of 500 and 100?
100
What is the greatest common factor of 440 and 2780?
20
Calculate the greatest common factor of 36 and 624.
12
Calculate the highest common divisor of 335 and 603.
67
What is the highest common factor of 176 and 144?
16
Calculate the greatest common factor of 95 and 2185.
95
What is the greatest common divisor of 8692 and 1696?
212
What is the greatest common factor of 200 and 88?
8
Calculate the highest common divisor of 111 and 33.
3
What is the highest common divisor of 6 and 486?
6
Calculate the highest common factor of 12 and 3378.
6
What is the highest common divisor of 135 and 7740?
45
What is the highest common divisor of 63 and 126?
63
What is the highest common divisor of 92 and 64?
4
Calculate the highest common factor of 95 and 10.
5
What is the greatest common factor of 549 and 3904?
61
Calculate the greatest common factor of 28 and 308.
28
What is the highest common divisor of 56 and 232?
8
What is the highest common divisor of 2860 and 220?
220
Calculate the greatest common divisor of 296 and 2.
2
Calculate the highest common divisor of 96 and 264.
24
What is the greatest common divisor of 148 and 57572?
148
What is the highest common factor of 264 and 44088?
264
Calculate the greatest common factor of 60 and 255.
15
Calculate the highest common factor of 30 and 45330.
30
What is the highest common factor of 340 and 2788?
68
What is the highest common divisor of 75 and 15?
15
What is the greatest common divisor of 8 and 1008?
8
What is the highest common divisor of 8 and 892?
4
Calculate the highest common factor of 1464 and 3477.
183
What is the highest common divisor of 80 and 304?
16
Calculate the greatest common factor of 175 and 725.
25
What is the highest common divisor of 1182 and 6?
6
What is the greatest common factor of 1225 and 308?
7
What is the highest common factor of 5966 and 38?
38
Calculate the greatest common divisor of 19 and 3477.
19
Calculate the highest common factor of 4664 and 53.
53
What is the highest common factor of 54 and 108?
54
What is the greatest common factor of 54 and 39582?
54
Calculate the highest common factor of 3724 and 76.
76
What is the highest common divisor of 16 and 2800?
16
What is the greatest common divisor of 2754 and 72?
18
Calculate the greatest common factor of 153 and 6171.
51
What is the greatest common factor of 209 and 19?
19
What is the greatest common divisor of 814 and 22?
22
Calculate the greatest common divisor of 784 and 72.
8
What is the greatest common divisor of 375 and 3?
3
What is the greatest common factor of 15 and 35?
5
What is the highest common divisor of 155 and 403?
31
Calculate the highest common divisor of 177 and 118.
59
What is the highest common divisor of 280 and 525?
35
Calculate the greatest common factor of 186 and 24.
6
Calculate the greatest common divisor of 325 and 50.
25
What is the highest common factor of 153 and 18?
9
What is the highest common divisor of 96 and 24?
24
Calculate the highest common divisor of 280 and 112.
56
What is the highest common divisor of 63 and 7?
7
Calculate the greatest common divisor of 892 and 1.
1
Calculate the highest common factor of 27 and 39.
3
What is the greatest common divisor of 16 and 152?
8
Calculate the highest common divisor of 4 and 82.
2
What is the greatest common factor of 1755 and 270?
135
What is the greatest common factor of 14 and 854?
14
What is the greatest common divisor of 10 and 70?
10
Calculate the highest common divisor of 97 and 1649.
97
Calculate the greatest common factor of 28 and 518.
14
What is the greatest common factor of 33 and 3?
3
Calculate the highest common divisor of 1512 and 14.
14
Calculate the highest common factor of 104 and 16.
8
What is the highest common divisor of 276 and 138?
138
Calculate the greatest common factor of 46 and 214.
2
What is the greatest common divisor of 14913 and 9?
9
Calculate the highest common factor of 1 and 1061.
1
Calculate the highest common factor of 1675 and 950.
25
What is the greatest common divisor of 9 and 1152?
9
Calculate the highest common factor of 20 and 4.
4
Calculate the greatest common divisor of 1105 and 455.
65
Calculate the greatest common factor of 1910 and 191.
191
What is the greatest common divisor of 1064 and 418?
38
What is the greatest common factor of 468 and 24?
12
What is the highest common factor of 153 and 34?
17
What is the greatest common divisor of 9 and 9?
9
What is the highest common factor of 183 and 488?
61
What is the highest common factor of 11690 and 70?
70
Calculate the greatest common divisor of 15645 and 140.
35
Calculate the greatest common factor of 103 and 11.
1
Calculate the greatest common factor of 81 and 2511.
81
What is the highest common factor of 72 and 63?
9
Calculate the greatest common divisor of 48 and 5988.
12
What is the greatest common factor of 21 and 16506?
21
Calculate the greatest common factor of 482 and 2.
2
Calculate the greatest common factor of 7 and 9.
1
Calculate the highest common divisor of 4727 and 29.
29
Calculate the greatest common divisor of 120 and 80.
40
What is the highest common divisor of 2200 and 44?
44
What is the greatest common factor of 30 and 3410?
10
Calculate the highest common divisor of 550 and 22.
22
What is the highest common divisor of 19 and 16853?
19
Calculate the greatest common divisor of 304 and 11248.
304
Calculate the greatest common factor of 60 and 40.
20
What is the highest common factor of 12128 and 144?
16
Calculate the highest common divisor of 2955 and 2758.
197
Calculate the highest common factor of 16 and 1.
1
Calculate the highest common divisor of 253 and 115.
23
What is the greatest common factor of 37 and 16?
1
What is the highest common factor of 70 and 1505?
35
Calculate the greatest common divisor of 18 and 78.
6
Calculate the greatest common factor of 128 and 864.
32
What is the highest common divisor of 685 and 1096?
137
What is the highest common factor of 26 and 37531?
13
Calculate the greatest common divisor of